1077.
11, 1341007
What are the prime factors of 167725?
5, 6709
What are the prime factors of 391536?
2, 3, 2719
What are the prime factors of 114700?
2, 5, 31, 37
What are the prime factors of 149649?
3, 83, 601
What are the prime factors of 80683?
80683
What are the prime factors of 235353?
3, 19, 4129
List the prime factors of 9816819.
3, 29, 53, 2129
List the prime factors of 5457790.
2, 5, 13, 41983
What are the prime factors of 17536880?
2, 5, 29, 7559
List the prime factors of 50703.
3, 16901
What are the prime factors of 534568?
2, 66821
What are the prime factors of 2985160?
2, 5, 37, 2017
What are the prime factors of 98960?
2, 5, 1237
What are the prime factors of 29096975?
5, 1163879
What are the prime factors of 69866?
2, 181, 193
List the prime factors of 314545.
5, 7, 11, 19, 43
What are the prime factors of 433107?
3, 5347
List the prime factors of 1633830.
2, 3, 5, 11, 4951
What are the prime factors of 95146?
2, 113, 421
List the prime factors of 4027789.
4027789
List the prime factors of 51719.
51719
What are the prime factors of 686634?
2, 3, 13, 8803
List the prime factors of 3430102.
2, 13, 131927
What are the prime factors of 931733?
11, 71, 1193
List the prime factors of 27139109.
27139109
List the prime factors of 716682.
2, 3, 119447
List the prime factors of 131101.
131101
List the prime factors of 22246230.
2, 3, 5, 741541
What are the prime factors of 7760881?
31, 79, 3169
List the prime factors of 1960587.
3, 179, 1217
List the prime factors of 777079.
61, 12739
List the prime factors of 1615630.
2, 5, 161563
List the prime factors of 87946.
2, 43973
What are the prime factors of 36075527?
89, 405343
What are the prime factors of 3435448?
2, 429431
What are the prime factors of 3859268?
2, 7, 137831
List the prime factors of 1141592.
2, 142699
What are the prime factors of 4538342?
2, 2269171
List the prime factors of 606273.
3, 179, 1129
List the prime factors of 3508241.
11, 43, 7417
List the prime factors of 3381419.
17, 443, 449
List the prime factors of 150293.
11, 13, 1051
What are the prime factors of 720177?
3, 240059
What are the prime factors of 84885?
3, 5, 5659
What are the prime factors of 256454?
2, 11, 11657
List the prime factors of 582854.
2, 113, 2579
List the prime factors of 3743.
19, 197
List the prime factors of 9752523.
3, 11, 59, 5009
What are the prime factors of 174236?
2, 43, 1013
List the prime factors of 159730.
2, 5, 15973
What are the prime factors of 923982?
2, 3, 153997
What are the prime factors of 174467?
174467
What are the prime factors of 2420257?
7, 49393
What are the prime factors of 205322?
2, 13, 53, 149
List the prime factors of 170888.
2, 41, 521
What are the prime factors of 351168?
2, 3, 31, 59
List the prime factors of 8990098.
2, 13, 345773
List the prime factors of 7818337.
7818337
List the prime factors of 884389.
11, 7309
What are the prime factors of 1454567?
1454567
What are the prime factors of 170086?
2, 7, 12149
List the prime factors of 130529.
7, 29, 643
List the prime factors of 32504537.
13, 37, 67577
List the prime factors of 7394299.
11, 672209
List the prime factors of 378166.
2, 23, 8221
What are the prime factors of 429605?
5, 11, 73, 107
List the prime factors of 317496.
2, 3, 13229
What are the prime factors of 10719001?
181, 59221
List the prime factors of 234042.
2, 3, 19, 2053
What are the prime factors of 1861984?
2, 31, 1877
What are the prime factors of 2022074?
2, 1011037
List the prime factors of 20072724.
2, 3, 7, 197, 1213
List the prime factors of 18619821.
3, 11, 71, 883
List the prime factors of 5004366.
2, 3, 53, 15737
List the prime factors of 2039768.
2, 254971
List the prime factors of 2980184.
2, 372523
List the prime factors of 10195841.
10195841
List the prime factors of 134802.
2, 3, 7489
List the prime factors of 1641551.
73, 113, 199
List the prime factors of 378474.
2, 3, 63079
What are the prime factors of 19155630?
2, 3, 5, 13, 49117
List the prime factors of 797017.
13, 37, 1657
What are the prime factors of 1865864?
2, 7, 11, 13, 233
List the prime factors of 1226205.
3, 5, 31, 293
What are the prime factors of 5853243?
3, 11, 83, 2137
What are the prime factors of 1623652?
2, 29, 13997
What are the prime factors of 848483?
19, 44657
What are the prime factors of 936222?
2, 3, 7, 22291
List the prime factors of 2445209.
13, 239, 787
What are the prime factors of 5048426?
2, 2524213
List the prime factors of 617149.
13, 29, 1637
What are the prime factors of 8769?
3, 37, 79
What are the prime factors of 5046092?
2, 1261523
List the prime factors of 405260.
2, 5, 23, 881
List the prime factors of 26213629.
13, 23, 87671
What are the prime factors of 4351527?
3, 483503
What are the prime factors of 3594448?
2, 11, 13, 1571
List the prime factors of 2889082.
2, 7, 17, 61, 199
List the prime factors of 2035750.
2, 5, 17, 479
List the prime factors of 1890753.
3, 43, 14657
List the prime factors of 122568.
2, 3, 5107
What are the prime factors of 1146014?
2, 573007
List the prime factors of 314554.
2, 157277
List the prime factors of 1148653.
11, 863
What are the prime factors of 8791492?
2, 2197873
What are the prime factors of 37646?
2, 7, 2689
List the prime factors of 274297.
43, 6379
What are the prime factors of 1561221?
3, 53, 1091
What are the prime factors of 244912?
2, 15307
List the prime factors of 280464.
2, 3, 5843
List the prime factors of 1380795.
3, 5, 13, 73, 97
What are the prime factors of 95342?
2, 13, 19, 193
List the prime factors of 153578.
2, 17, 4517
What are the prime factors of 11004336?
2, 3, 7, 1213
List the prime factors of 3919201.
11, 13, 27407
What are the prime factors of 2355600?
2, 3, 5, 13, 151
List the prime factors of 31453.
71, 443
What are the prime factors of 7199150?
2, 5, 7, 67, 307
What are the prime factors of 54195?
3, 5, 3613
List the prime factors of 860015.
5, 13, 101, 131
What are the prime factors of 145079?
11, 109
What are the prime factors of 804722?
2, 402361
What are the prime factors of 2324653?
2324653
List the prime factors of 990143.
7, 11, 167
List the prime factors of 666347.
11, 5507
List the prime factors of 1111378.
2, 43, 12923
What are the prime factors of 3125513?
31, 100823
List the prime factors of 1840229.
269, 6841
What are the prime factors of 2622908?
2, 655727
List the prime factors of 90855.
3, 5, 673
List the prime factors of 969842.
2, 59, 8219
List the prime factors of 824095.
5, 43, 3833
What are the prime factors of 791657?
791657
What are the prime factors of 1100582?
2, 7, 127, 619
What are the prime factors of 20398146?
2, 3, 163, 20857
List the prime factors of 14136110.
2, 5, 233, 6067
List the prime factors of 989904.
2, 3, 41, 503
What are the prime factors of 454822?
2, 19, 11969
What are the prime factors of 702981?
3, 19, 4111
List the prime factors of 5282525.
5, 23, 9187
List the prime factors of 334550.
2, 5, 6691
What are the prime factors of 16585655?
5, 79, 199, 211
List the prime factors of 189587.
43, 4409
What are the prime factors of 10022869?
10022869
List the prime factors of 1734451.
83, 20897
What are the prime factors of 11571114?
2, 3, 19, 101501
What are the prime factors of 430226?
2, 89, 2417
What are the prime factors of 959948?
2, 11, 21817
List the prime factors of 2488946.
2, 41, 127, 239
What are the prime factors of 2748298?
2, 7, 196307
List the prime factors of 3359270.
2, 5, 61, 5507
List the prime factors of 8085132.
2, 3, 11, 17, 1201
List the prime factors of 7087871.
7, 31, 89, 367
What are the prime factors of 42427?
7, 11, 19, 29
List the prime factors of 452327.
199, 2273
List the prime factors of 1732739.
491, 3529
List the prime factors of 5380248.
2, 3, 224177
List the prime factors of 1836175.
5, 11, 607
What are the prime factors of 25121780?
2, 5, 31, 40519
What are the prime factors of 18010693?
18010693
List the prime factors of 392388.
2, 3, 19, 1721
List the prime factors of 1145507.
11, 9467
What are the prime factors of 10003594?
2, 179, 27943
List the prime factors of 16869157.
16869157
What are the prime factors of 239123?
43, 67, 83
What are the prime factors of 8219719?
8219719
What are the prime factors of 420543?
3, 46727
What are the prime factors of 9005?
5, 1801
What are the 